 (-2)/(64/(-84264)) prime?
True
Let j be (-57)/(-9) - 1/3. Let l be 10/(-15) - 2/j. Is (l - 1)/((-2)/1)*1477 a composite number?
True
Let k(r) = -r**3 - 3*r**2 + 3*r - 7. Let g = -25 + 21. Let t be k(g). Is 12/(-9) - 1891/t a prime number?
False
Suppose 0 = 156*z - 11768946 + 4021830. Is z a composite number?
True
Is 44/946 - (-29997947)/301 a composite number?
False
Let a be ((-4)/24*-20)/((-18)/(-597321)). Suppose a = 11*g + 15322. Is g prime?
True
Suppose 5 = 5*x, 2*w + x + 2 - 5 = 0. Let v be 4/(-12)*-3*w. Is (220/(-8) + 6)/(v/(-6)) a composite number?
True
Let l(t) = -534*t - 7. Let s(y) be the third derivative of y**4/8 + 11*y**3/3 + 14*y**2. Let i be s(-8). Is l(i) a composite number?
False
Let c(a) = 502*a**2 + 32*a + 35. Let w(g) = 167*g**2 + 11*g + 12. Let t(d) = 2*c(d) - 7*w(d). Let p(j) be the first derivative of t(j). Is p(-5) composite?
False
Let m(a) = 62*a**2 + 8*a + 7. Let k be 1*((-291)/33 + 12/(-66)). Let y be m(k). Suppose -4*v + y + 1227 = 0. Is v a prime number?
False
Suppose 0 = -5*s + 5*o, 4*s - 8 = -o + 2. Let r(u) = u**2 + u + 603. Let n be r(0). Suppose 779 = s*k - n. Is k prime?
True
Suppose x + 3*r = -3357, -3*x + 0*r - 4*r = 10051. Let y = x + 1623. Let a = y - -6005. Is a a composite number?
False
Let s be -445 - (10/(-5) - -5). Let n be 1 + 3 + (-5 - s). Is (1 + 0)*((3 - 1) + n) composite?
False
Suppose -15*g = -14*g - 2*z - 62241, -z + 5 = 0. Is g a prime number?
False
Let r = 3749264 - 1804851. Is r a composite number?
True
Suppose -459579 - 915935 = -14*n. Is n a prime number?
True
Let a = -18485 + 167688. Is a composite?
True
Let x = 10 - -37. Suppose x*t - 2 = 46*t. Suppose 4*o = -t*b + 1178, 4*b - 1169 = 2*b + 5*o. Is b composite?
False
Let s be 11728/1 + 0/1. Is -2*((-2)/8)/(8/s) prime?
True
Let o = 142 - 125. Let g(s) = 14*s - o - 9*s - 22*s**2 + 58*s**2. Is g(-6) prime?
True
Suppose 0 = 3*i - 8*l + 5*l - 342906, 228595 = 2*i + l. Is i a prime number?
True
Let t(i) = -11*i**3 + 41*i**2 - 80*i + 32. Let q be t(-52). Is 3/(-2)*(q/(-12))/14 a prime number?
False
Let z be ((-59)/4)/((-4)/(-16)). Let r = -61 - z. Is (r - -2)/(-4) + 217 a prime number?
False
Let h(o) = -o**2 + 13*o - 32. Let z be h(9). Suppose -2*k + 110 = -42. Suppose 2*j = 5*a - 1253, -a + k = -z*j - 171. Is a composite?
False
Suppose 3*o = -2*v + 885806, -231*o = -233*o. Is v a prime number?
True
Let b be (0 + -20)/(4 - 3). Let x(y) = 59 - 26*y + 6*y**2 + 9 - 103. Is x(b) prime?
False
Let y(u) = u**3 - 31*u**2 + 107*u - 29. Let c be y(27). Is 4*2*(-19922)/c a prime number?
False
Suppose 684751 + 434939 = -9*y. Is y/(-8) + (85/(-20))/17 prime?
True
Let q(p) = -8977*p**3 - p**2 - 12*p - 11. Is q(-1) a prime number?
False
Let r(d) be the first derivative of -d**4/4 + d**3/3 - d**2/2 - d - 14. Let n(l) = l**3 - 3*l**2 + 4*l - 497. Let j(m) = -n(m) - 2*r(m). Is j(0) composite?
False
Suppose 5*p + 0*p - 4*w + 50 = 0, 5*w - 55 = 5*p. Let h be 1 - p/4*8/(-6). Is (-3 - h/(-1)) + 198 a composite number?
True
Let j(b) = b**3 - 3*b**2 + 3*b - 4. Let z be j(4). Let u be ((-163)/(-2))/(2 - 46/z). Suppose -74 = -4*p + u. Is p a prime number?
True
Suppose 4*y = -2*o - 24, -o + 8*y = 5*y - 13. Is o/(-6)*1 + 17636/3 composite?
False
Suppose 0*d - 4030318 = -4*d - 34*d. Is d a composite number?
True
Let t = 9 + 43. Suppose t*x - 55*x - 3 = 0. Is 111705/66 + x/(-2) a composite number?
False
Let c(p) = 5*p**3 + p**2 + 10*p + 10. Let x be c(-1). Is ((-6766)/(-6) + x)/(2/6) a prime number?
True
Suppose -w + 219774 = 3*v, -4*v + 29622 = -w - 263417. Is v a prime number?
True
Let w be (0*(1 - 2/3))/3. Suppose w = 15*n - 21*n + 32262. Is n composite?
True
Let s(k) be the first derivative of -1107*k**2/2 - 10*k + 106. Is s(-8) a composite number?
True
Suppose 12559881 - 9436731 - 48926238 = -72*b. Is b composite?
True
Let g be (-5 + 1)*(-3)/6. Suppose g*v + 8*v = 7790. Is v composite?
True
Let x(n) = 62*n**3 + 52*n**2 - 173*n - 9. Is x(11) prime?
False
Let b(g) = -2*g**3 - 5*g**2 - 4*g. Let q = -13 - -11. Let c be b(q). Suppose c*z = 1053 + 2875. Is z a prime number?
False
Let i(d) be the second derivative of -15509*d**3/6 + 79*d**2 + 54*d + 2. Is i(-3) prime?
False
Let i(d) = d**3 + 4*d**2 - 2*d + 2. Let u be i(-5). Let m(j) = 12*j**2 + 12*j - 25. Is m(u) a composite number?
False
Let h(b) = -b**3 - 195*b + 195*b. Let w(m) = -2*m**3 - 4*m**2 + m + 4. Let l(n) = -3*h(n) + w(n). Is l(5) a composite number?
True
Suppose 53*l - 14*l + 21376 - 390667 = 0. Is l composite?
True
Suppose -2 = -38*t + 37*t. Suppose 3*i + 1 = g, -t*i + 22 = -2*g + 7*g. Suppose g*x - 553 = 3*x. Is x prime?
False
Let s = 366 - 355. Suppose s*c - 1895 = 6*c. Is c a prime number?
True
Let q = -2276 + 3631. Suppose 0 = -0*c + c - 6. Let n = c + q. Is n composite?
False
Suppose 3*u = -4*n + u + 36288, 0 = 2*u + 8. Let l = n + -3901. Is l a composite number?
True
Let g(n) = 2*n**2 + 8*n + 2. Let d be g(-4). Suppose 0 = d*z - 5*f - 33, 10 = -0*z + 5*z + 2*f. Suppose 3*a = -z*c + 6950, -a - 1743 = -c + a. Is c composite?
True
Suppose 2*q = 66 - 18. Suppose -q*i + 21076 = -20*i. Is i a prime number?
False
Let h(y) = 835*y**2 - 1729*y - 1. Is h(-27) a prime number?
False
Suppose -1 = 3*k - 4*a, 3*k = -3*a + 20 + 7. Suppose -3*p + 2440 = -7*x + 6*x, -k = -x. Is p a composite number?
True
Suppose 5*y = 3*t + 581780, 62*y - 5*t - 116334 = 61*y. Is y a composite number?
False
Let u(r) = r**3 - 24*r**2 - 46*r - 210. Is u(29) prime?
False
Let x(m) = 200*m**2 + 3*m + 8. Let t be x(-2). Suppose -z + 5*v + t + 2566 = 0, -z + 3*v = -3358. Is z prime?
True
Suppose 21*i = 2 + 40. Suppose -f = i*f - 22389. Is f a prime number?
False
Suppose 5*n = -27 - 73. Is 20/8*(-7304)/n composite?
True
Suppose -234*u + 222*u + 159492 = 0. Is u prime?
True
Let y(l) be the first derivative of -191*l**4/2 - 4*l**3/3 + 3*l**2/2 + 3*l - 125. Is y(-2) composite?
False
Suppose 20*n = 2*n + 54. Suppose n*j = -3*k + 24804, -k - 7*j + 8248 = -10*j. Is k a composite number?
False
Let w = 299992 + -36819. Is w a composite number?
True
Let t(b) = 28*b**2 + 7 + 4*b + 1 + 101*b**2 + 205*b**2. Let u be t(-7). Is u/5 - 14/70 a composite number?
True
Let i(w) be the second derivative of 15*w**4/2 + w**3/6 - 2*w**2 + 3*w. Suppose 4 = 5*b - 2*v, -3*b + 15 = 4*v - v. Is i(b) prime?
False
Let j = -154 - -256. Let f(b) = -67*b**2 + 7*b + 3. Let h be f(-1). Let g = h + j. Is g a prime number?
True
Let d = -10 + 15. Let x(p) be the first derivative of 81*p**2/2 + 22*p - 24. Is x(d) a composite number?
True
Let i(d) = 2*d**3 + 17*d**2 - 37*d + 8. Let b be i(-10). Let k(j) = j**3 + j**2 + j + 5. Let o be k(0). Suppose 15 = -o*z, 2*n - 1790 + b = 2*z. Is n prime?
True
Let q(l) = -5 + 81*l**3 - 2*l + 6*l + 0. Suppose 0 = 2*d - 2*y - 2, -21*d - 5*y = -17*d - 22. Is q(d) a prime number?
False
Suppose 8353 = 2*m + 5*n, -3*m + 20893 = 2*m + 2*n. Suppose 0 = q - b - 6130 + 1945, -q - 2*b = -m. Suppose -5344 = -7*r + q. Is r composite?
False
Let p be (-9)/2*(-32)/48. Let o be ((15/p)/10)/((-3)/6). Is 298/(-6)*(-21 - (-5 + o)) prime?
False
Suppose 3*p = t + 7869, 2*t = -5*p + t + 13115. Suppose -p = -3*x + 350. Is x a prime number?
True
Suppose 125*a - 129*a = 4*y - 538328, -2*a + 269158 = -4*y. Is a composite?
False
Let g be ((-21)/((-315)/408))/(1/(-5)). Suppose -3*z - 846 = -5*z. Let l = z - g. Is l a composite number?
True
Is -3 + (93190 - -14) + -14 composite?
False
Suppose 0*n + 694 = 3*n + q, 4*q = n - 240. Suppose -10*c - 8 - n = 0. Is (0 - -4)*((-29526)/c)/7 a prime number?
False
Let j(c) = 235619*c - 4689. Is j(22) composite?
True
Let l(g) = 2*g**2 - 33*g - 45. Let q(m) = 0*m**2 - 11*m + 26 - m**2 + 32*m. Let n be q(21). Is l(n) a composite number?
False
Let b(q) = -639 - 637 + 25*q**2 + 10*q + 1318. Is b(7) composite?
True
Let k = 17770 + 19761. Is k a prime number?
False
Suppose -861*n = -813*n - 1321872. Is n a composite number?
False
Let c = -258 - -198. Is 62 + c - 3*-2679 composite?
False
Let f = 66 + -70. Let b be 1432/2*(-2 - f). Let o = 2606 - b. Is o composite?
True
Suppose -11510743 = -124*m + 10071085. Is m a prime number?
True
Let s = 706 - 373. Let m = 842 - s. Is m composite?
False
Suppose -2*z + 0*t = -t - 2985, -z - 3*t = -1496. Suppose -4*m - 288 - 610 = -u, -4*m + 8 = 0. Let p = z - u. Is p a composite number?
False
Suppose 2*w + 3